CRAN Package Check Results for Package rPowerSampleSize

Last updated on 2025-05-14 23:51:07 CEST.

Flavor Version Tinstall Tcheck Ttotal Status Flags
r-devel-linux-x86_64-debian-clang 1.0.2 4.89 32.73 37.62 NOTE
r-devel-linux-x86_64-debian-gcc 1.0.2 3.55 23.52 27.07 NOTE
r-devel-linux-x86_64-fedora-clang 1.0.2 57.33 OK
r-devel-linux-x86_64-fedora-gcc 1.0.2 54.80 OK
r-devel-windows-x86_64 1.0.2 5.00 52.00 57.00 OK
r-patched-linux-x86_64 1.0.2 5.17 30.37 35.54 OK
r-release-linux-x86_64 1.0.2 4.50 30.60 35.10 OK
r-release-macos-arm64 1.0.2 17.00 OK
r-release-macos-x86_64 1.0.2 34.00 OK
r-release-windows-x86_64 1.0.2 4.00 55.00 59.00 OK
r-oldrel-macos-arm64 1.0.2 17.00 OK
r-oldrel-macos-x86_64 1.0.2 28.00 OK
r-oldrel-windows-x86_64 1.0.2 5.00 58.00 63.00 OK

Check Details

Version: 1.0.2
Check: CRAN incoming feasibility
Result: NOTE Maintainer: ‘Pierre Lafaye de Micheaux <lafaye@unsw.edu.au>’ No Authors@R field in DESCRIPTION. Please add one, modifying Authors@R: c(person(given = c("Pierre", "Lafaye"), family = "de Micheaux", role = c("aut", "cre"), email = "lafaye@unsw.edu.au"), person(given = "Benoit", family = "Liquet", role = "aut"), person(given = "Jeremie", family = "Riou", role = "aut")) as necessary. Flavors: r-devel-linux-x86_64-debian-clang, r-devel-linux-x86_64-debian-gcc