Last updated on 2025-05-14 23:51:07 CEST.
Flavor | Version | Tinstall | Tcheck | Ttotal | Status | Flags |
---|---|---|---|---|---|---|
r-devel-linux-x86_64-debian-clang | 1.1.2 | 14.65 | 70.59 | 85.24 | NOTE | |
r-devel-linux-x86_64-debian-gcc | 1.1.2 | 9.78 | 50.09 | 59.87 | NOTE | |
r-devel-linux-x86_64-fedora-clang | 1.1.2 | 136.47 | OK | |||
r-devel-linux-x86_64-fedora-gcc | 1.1.2 | 130.50 | OK | |||
r-devel-windows-x86_64 | 1.1.2 | 22.00 | 111.00 | 133.00 | OK | |
r-patched-linux-x86_64 | 1.1.2 | 14.20 | 66.15 | 80.35 | OK | |
r-release-linux-x86_64 | 1.1.2 | 12.68 | 66.44 | 79.12 | OK | |
r-release-macos-arm64 | 1.1.2 | 42.00 | OK | |||
r-release-macos-x86_64 | 1.1.2 | 73.00 | OK | |||
r-release-windows-x86_64 | 1.1.2 | 19.00 | 110.00 | 129.00 | OK | |
r-oldrel-macos-arm64 | 1.1.2 | 40.00 | OK | |||
r-oldrel-macos-x86_64 | 1.1.2 | 67.00 | OK | |||
r-oldrel-windows-x86_64 | 1.1.2 | 23.00 | 137.00 | 160.00 | OK |
Version: 1.1.2
Check: CRAN incoming feasibility
Result: NOTE
Maintainer: ‘Dmitry Otryakhin <d.otryakhin.acad@protonmail.ch>’
Package CITATION file contains call(s) to old-style citEntry(). Please
use bibentry() instead.
The Description field contains
Otryakhin and Podolskij (2018) <arXiv:1802.06373>, and also different
Please refer to arXiv e-prints via their arXiv DOI <doi:10.48550/arXiv.YYMM.NNNNN>.
Flavors: r-devel-linux-x86_64-debian-clang, r-devel-linux-x86_64-debian-gcc