Last updated on 2025-05-14 23:51:09 CEST.
Flavor | Version | Tinstall | Tcheck | Ttotal | Status | Flags |
---|---|---|---|---|---|---|
r-devel-linux-x86_64-debian-clang | 1.2 | 6.11 | 47.87 | 53.98 | NOTE | |
r-devel-linux-x86_64-debian-gcc | 1.2 | 4.81 | 35.07 | 39.88 | NOTE | |
r-devel-linux-x86_64-fedora-clang | 1.2 | 85.10 | NOTE | |||
r-devel-linux-x86_64-fedora-gcc | 1.2 | 78.74 | NOTE | |||
r-devel-windows-x86_64 | 1.2 | 9.00 | 62.00 | 71.00 | NOTE | |
r-patched-linux-x86_64 | 1.2 | 6.46 | 44.13 | 50.59 | NOTE | |
r-release-linux-x86_64 | 1.2 | 6.51 | 44.25 | 50.76 | NOTE | |
r-release-macos-arm64 | 1.2 | 28.00 | NOTE | |||
r-release-macos-x86_64 | 1.2 | 47.00 | NOTE | |||
r-release-windows-x86_64 | 1.2 | 9.00 | 61.00 | 70.00 | NOTE | |
r-oldrel-macos-arm64 | 1.2 | 28.00 | NOTE | |||
r-oldrel-macos-x86_64 | 1.2 | 39.00 | NOTE | |||
r-oldrel-windows-x86_64 | 1.2 | 13.00 | 71.00 | 84.00 | NOTE |
Version: 1.2
Check: Rd files
Result: NOTE
checkRd: (-1) shiny_pivot_table.Rd:58: Lost braces in \itemize; meant \describe ?
checkRd: (-1) shiny_pivot_table.Rd:59: Lost braces in \itemize; meant \describe ?
checkRd: (-1) shiny_pivot_table.Rd:60: Lost braces in \itemize; meant \describe ?
checkRd: (-1) shiny_pivot_table.Rd:61: Lost braces in \itemize; meant \describe ?
checkRd: (-1) shiny_pivot_table.Rd:62: Lost braces in \itemize; meant \describe ?
checkRd: (-1) shiny_pivot_table.Rd:63: Lost braces in \itemize; meant \describe ?
checkRd: (-1) shiny_pivot_table.Rd:64: Lost braces in \itemize; meant \describe ?
Flavors: r-devel-linux-x86_64-debian-clang, r-devel-linux-x86_64-debian-gcc, r-devel-linux-x86_64-fedora-clang, r-devel-linux-x86_64-fedora-gcc, r-devel-windows-x86_64, r-patched-linux-x86_64, r-release-linux-x86_64, r-release-macos-arm64, r-release-macos-x86_64, r-release-windows-x86_64, r-oldrel-macos-arm64, r-oldrel-macos-x86_64, r-oldrel-windows-x86_64