Last updated on 2025-09-26 23:53:57 CEST.
| Flavor | Version | Tinstall | Tcheck | Ttotal | Status | Flags |
|---|---|---|---|---|---|---|
| r-devel-linux-x86_64-debian-clang | 0.1.3 | 37.46 | 135.87 | 173.33 | OK | |
| r-devel-linux-x86_64-debian-gcc | 0.1.3 | 25.24 | 102.73 | 127.97 | OK | |
| r-devel-linux-x86_64-fedora-clang | 0.1.3 | 299.50 | OK | |||
| r-devel-linux-x86_64-fedora-gcc | 0.1.3 | 280.32 | OK | |||
| r-devel-windows-x86_64 | 0.1.3 | 44.00 | 159.00 | 203.00 | OK | |
| r-patched-linux-x86_64 | 0.1.3 | 35.39 | 135.29 | 170.68 | OK | |
| r-release-linux-x86_64 | 0.1.3 | 33.44 | 131.21 | 164.65 | OK | |
| r-release-macos-arm64 | 0.1.3 | 77.00 | OK | |||
| r-release-macos-x86_64 | 0.1.3 | 148.00 | OK | |||
| r-release-windows-x86_64 | 0.1.3 | 42.00 | 158.00 | 200.00 | OK | |
| r-oldrel-macos-arm64 | 0.1.3 | 79.00 | NOTE | |||
| r-oldrel-macos-x86_64 | 0.1.3 | 154.00 | NOTE | |||
| r-oldrel-windows-x86_64 | 0.1.3 | 52.00 | 196.00 | 248.00 | OK |
Version: 0.1.3
Check: installed package size
Result: NOTE
installed size is 5.4Mb
sub-directories of 1Mb or more:
data 2.3Mb
libs 2.7Mb
Flavors: r-oldrel-macos-arm64, r-oldrel-macos-x86_64