Last updated on 2025-05-14 23:51:10 CEST.
Flavor | Version | Tinstall | Tcheck | Ttotal | Status | Flags |
---|---|---|---|---|---|---|
r-devel-linux-x86_64-debian-clang | 0.11 | 13.70 | 106.93 | 120.63 | NOTE | |
r-devel-linux-x86_64-debian-gcc | 0.11 | 7.89 | 69.31 | 77.20 | NOTE | |
r-devel-linux-x86_64-fedora-clang | 0.11 | 183.96 | NOTE | |||
r-devel-linux-x86_64-fedora-gcc | 0.11 | 163.30 | NOTE | |||
r-devel-windows-x86_64 | 0.11 | 14.00 | 119.00 | 133.00 | NOTE | |
r-patched-linux-x86_64 | 0.11 | 14.97 | 93.51 | 108.48 | NOTE | |
r-release-linux-x86_64 | 0.11 | 10.37 | 93.11 | 103.48 | NOTE | |
r-release-macos-arm64 | 0.11 | 59.00 | NOTE | |||
r-release-macos-x86_64 | 0.11 | 94.00 | NOTE | |||
r-release-windows-x86_64 | 0.11 | 14.00 | 119.00 | 133.00 | NOTE | |
r-oldrel-macos-arm64 | 0.11 | 53.00 | OK | |||
r-oldrel-macos-x86_64 | 0.11 | 118.00 | OK | |||
r-oldrel-windows-x86_64 | 0.11 | 18.00 | 150.00 | 168.00 | OK |
Version: 0.11
Check: DESCRIPTION meta-information
Result: NOTE
Missing dependency on R >= 4.1.0 because package code uses the pipe
|> or function shorthand \(...) syntax added in R 4.1.0.
File(s) using such syntax:
‘meteoReaders.R’
Flavors: r-devel-linux-x86_64-debian-clang, r-devel-linux-x86_64-debian-gcc, r-devel-linux-x86_64-fedora-clang, r-devel-linux-x86_64-fedora-gcc, r-devel-windows-x86_64, r-patched-linux-x86_64, r-release-linux-x86_64, r-release-macos-arm64, r-release-macos-x86_64, r-release-windows-x86_64