Last updated on 2025-05-14 23:51:10 CEST.
Flavor | Version | Tinstall | Tcheck | Ttotal | Status | Flags |
---|---|---|---|---|---|---|
r-devel-linux-x86_64-debian-clang | 0.2.2 | 4.65 | 27.85 | 32.50 | NOTE | |
r-devel-linux-x86_64-debian-gcc | 0.2.2 | 3.09 | 21.75 | 24.84 | NOTE | |
r-devel-linux-x86_64-fedora-clang | 0.2.2 | 48.88 | NOTE | |||
r-devel-linux-x86_64-fedora-gcc | 0.2.2 | 45.91 | NOTE | |||
r-devel-windows-x86_64 | 0.2.2 | 6.00 | 50.00 | 56.00 | NOTE | |
r-patched-linux-x86_64 | 0.2.2 | 4.89 | 25.63 | 30.52 | NOTE | |
r-release-linux-x86_64 | 0.2.2 | 4.40 | 25.19 | 29.59 | NOTE | |
r-release-macos-arm64 | 0.2.2 | 25.00 | NOTE | |||
r-release-macos-x86_64 | 0.2.2 | 36.00 | NOTE | |||
r-release-windows-x86_64 | 0.2.2 | 7.00 | 50.00 | 57.00 | NOTE | |
r-oldrel-macos-arm64 | 0.2.2 | 20.00 | NOTE | |||
r-oldrel-macos-x86_64 | 0.2.2 | 28.00 | NOTE | |||
r-oldrel-windows-x86_64 | 0.2.2 | 7.00 | 54.00 | 61.00 | NOTE |
Version: 0.2.2
Check: Rd files
Result: NOTE
checkRd: (-1) spsOption.Rd:29: Lost braces; missing escapes or markup?
29 | Some functions in {spsUtil}, {spsComps} and {systempPipeShiny} will behave
| ^
checkRd: (-1) spsOption.Rd:29: Lost braces; missing escapes or markup?
29 | Some functions in {spsUtil}, {spsComps} and {systempPipeShiny} will behave
| ^
checkRd: (-1) spsOption.Rd:29: Lost braces; missing escapes or markup?
29 | Some functions in {spsUtil}, {spsComps} and {systempPipeShiny} will behave
| ^
Flavors: r-devel-linux-x86_64-debian-clang, r-devel-linux-x86_64-debian-gcc, r-devel-linux-x86_64-fedora-clang, r-devel-linux-x86_64-fedora-gcc, r-devel-windows-x86_64, r-patched-linux-x86_64, r-release-linux-x86_64, r-release-macos-arm64, r-release-macos-x86_64, r-release-windows-x86_64, r-oldrel-macos-arm64, r-oldrel-macos-x86_64, r-oldrel-windows-x86_64