Last updated on 2025-05-14 23:51:11 CEST.
Flavor | Version | Tinstall | Tcheck | Ttotal | Status | Flags |
---|---|---|---|---|---|---|
r-devel-linux-x86_64-debian-clang | 3.2.3 | 46.22 | 195.93 | 242.15 | NOTE | |
r-devel-linux-x86_64-debian-gcc | 3.2.3 | 30.95 | 140.53 | 171.48 | NOTE | |
r-devel-linux-x86_64-fedora-clang | 3.2.3 | 386.84 | NOTE | |||
r-devel-linux-x86_64-fedora-gcc | 3.2.3 | 417.47 | NOTE | |||
r-devel-windows-x86_64 | 3.2.3 | 54.00 | 171.00 | 225.00 | NOTE | |
r-patched-linux-x86_64 | 3.2.3 | 46.46 | 187.65 | 234.11 | NOTE | |
r-release-linux-x86_64 | 3.2.3 | 44.15 | 183.53 | 227.68 | NOTE | |
r-release-macos-arm64 | 3.2.3 | 136.00 | NOTE | |||
r-release-macos-x86_64 | 3.2.3 | 215.00 | NOTE | |||
r-release-windows-x86_64 | 3.2.3 | 56.00 | 174.00 | 230.00 | NOTE | |
r-oldrel-macos-arm64 | 3.2.3 | 107.00 | NOTE | |||
r-oldrel-macos-x86_64 | 3.2.3 | 267.00 | NOTE | |||
r-oldrel-windows-x86_64 | 3.2.3 | 67.00 | 208.00 | 275.00 | OK |
Version: 3.2.3
Check: compiled code
Result: NOTE
File ‘testthat/libs/testthat.so’:
Found non-API calls to R: ‘BODY’, ‘CLOENV’, ‘FORMALS’, ‘SET_BODY’,
‘SET_CLOENV’, ‘SET_FORMALS’
Compiled code should not call non-API entry points in R.
See ‘Writing portable packages’ in the ‘Writing R Extensions’ manual,
and section ‘Moving into C API compliance’ for issues with the use of
non-API entry points.
Flavors: r-devel-linux-x86_64-debian-clang, r-devel-linux-x86_64-debian-gcc, r-devel-linux-x86_64-fedora-clang, r-devel-linux-x86_64-fedora-gcc, r-patched-linux-x86_64, r-release-linux-x86_64, r-release-macos-arm64, r-release-macos-x86_64
Version: 3.2.3
Check: compiled code
Result: NOTE
File 'testthat/libs/x64/testthat.dll':
Found non-API calls to R: 'BODY', 'CLOENV', 'FORMALS', 'SET_BODY',
'SET_CLOENV', 'SET_FORMALS'
Compiled code should not call non-API entry points in R.
See 'Writing portable packages' in the 'Writing R Extensions' manual,
and section 'Moving into C API compliance' for issues with the use of
non-API entry points.
Flavors: r-devel-windows-x86_64, r-release-windows-x86_64
Version: 3.2.3
Check: installed package size
Result: NOTE
installed size is 8.9Mb
sub-directories of 1Mb or more:
R 2.0Mb
libs 5.4Mb
Flavors: r-oldrel-macos-arm64, r-oldrel-macos-x86_64