Last updated on 2025-05-14 23:51:12 CEST.
Flavor | Version | Tinstall | Tcheck | Ttotal | Status | Flags |
---|---|---|---|---|---|---|
r-devel-linux-x86_64-debian-clang | 1.2.1 | 6.47 | 30.40 | 36.87 | NOTE | |
r-devel-linux-x86_64-debian-gcc | 1.2.1 | 4.61 | 23.32 | 27.93 | NOTE | |
r-devel-linux-x86_64-fedora-clang | 1.2.1 | 60.10 | NOTE | |||
r-devel-linux-x86_64-fedora-gcc | 1.2.1 | 54.93 | NOTE | |||
r-devel-windows-x86_64 | 1.2.1 | 10.00 | 53.00 | 63.00 | NOTE | |
r-patched-linux-x86_64 | 1.2.1 | 6.30 | 27.89 | 34.19 | NOTE | |
r-release-linux-x86_64 | 1.2.1 | 6.06 | 27.91 | 33.97 | NOTE | |
r-release-macos-arm64 | 1.2.1 | 30.00 | NOTE | |||
r-release-macos-x86_64 | 1.2.1 | 39.00 | NOTE | |||
r-release-windows-x86_64 | 1.2.1 | 9.00 | 53.00 | 62.00 | NOTE | |
r-oldrel-macos-arm64 | 1.2.1 | 23.00 | NOTE | |||
r-oldrel-macos-x86_64 | 1.2.1 | 31.00 | NOTE | |||
r-oldrel-windows-x86_64 | 1.2.1 | 12.00 | 62.00 | 74.00 | NOTE |
Version: 1.2.1
Check: C++ specification
Result: NOTE
Specified C++11: please drop specification unless essential
Flavors: r-devel-linux-x86_64-debian-clang, r-devel-linux-x86_64-debian-gcc, r-devel-linux-x86_64-fedora-clang, r-devel-linux-x86_64-fedora-gcc, r-devel-windows-x86_64, r-patched-linux-x86_64, r-release-linux-x86_64, r-release-macos-arm64, r-release-macos-x86_64, r-release-windows-x86_64, r-oldrel-macos-arm64, r-oldrel-macos-x86_64, r-oldrel-windows-x86_64