Last updated on 2025-05-14 23:51:12 CEST.
Flavor | Version | Tinstall | Tcheck | Ttotal | Status | Flags |
---|---|---|---|---|---|---|
r-devel-linux-x86_64-debian-clang | 2.6.1 | 16.83 | 129.54 | 146.37 | NOTE | --no-vignettes |
r-devel-linux-x86_64-debian-gcc | 2.6.1 | 12.66 | 92.38 | 105.04 | NOTE | --no-vignettes |
r-devel-linux-x86_64-fedora-clang | 2.6.1 | 335.71 | OK | |||
r-devel-linux-x86_64-fedora-gcc | 2.6.1 | 345.23 | OK | |||
r-devel-windows-x86_64 | 2.6.1 | 23.00 | 144.00 | 167.00 | OK | --no-vignettes |
r-patched-linux-x86_64 | 2.6.1 | 18.88 | 121.63 | 140.51 | OK | --no-vignettes |
r-release-linux-x86_64 | 2.6.1 | 18.44 | 121.95 | 140.39 | OK | --no-vignettes |
r-release-macos-arm64 | 2.6.1 | 114.00 | OK | |||
r-release-macos-x86_64 | 2.6.1 | 196.00 | OK | |||
r-release-windows-x86_64 | 2.6.1 | 23.00 | 146.00 | 169.00 | OK | --no-vignettes |
r-oldrel-macos-arm64 | 2.6.1 | 101.00 | OK | |||
r-oldrel-macos-x86_64 | 2.6.1 | 317.00 | OK | |||
r-oldrel-windows-x86_64 | 2.6.1 | 30.00 | 168.00 | 198.00 | OK | --no-vignettes |
Version: 2.6.1
Flags: --no-vignettes
Check: CRAN incoming feasibility
Result: NOTE
Maintainer: ‘Lane Burgette <burgette@rand.org>’
No Authors@R field in DESCRIPTION.
Please add one, modifying
Authors@R: c(person(given = "Matthew",
family = "Cefalu",
role = "aut"),
person(given = "Greg",
family = "Ridgeway",
role = "aut"),
person(given = "Dan",
family = "McCaffrey",
role = "aut"),
person(given = "Andrew",
family = "Morral",
role = "aut"),
person(given = c("Beth", "Ann"),
family = "Griffin",
role = "aut"),
person(given = "Lane",
family = "Burgette",
role = c("aut", "cre"),
email = "burgette@rand.org"))
as necessary.
Flavors: r-devel-linux-x86_64-debian-clang, r-devel-linux-x86_64-debian-gcc