Last updated on 2025-05-14 23:51:12 CEST.
Flavor | Version | Tinstall | Tcheck | Ttotal | Status | Flags |
---|---|---|---|---|---|---|
r-devel-linux-x86_64-debian-clang | 1.1.1 | 4.89 | 37.81 | 42.70 | ERROR | |
r-devel-linux-x86_64-debian-gcc | 1.1.1 | 3.35 | 28.52 | 31.87 | ERROR | |
r-devel-linux-x86_64-fedora-clang | 1.1.2 | 67.89 | OK | |||
r-devel-linux-x86_64-fedora-gcc | 1.1.2 | 63.15 | OK | |||
r-devel-windows-x86_64 | 1.1.1 | 8.00 | 63.00 | 71.00 | ERROR | |
r-patched-linux-x86_64 | 1.1.1 | 4.62 | 35.80 | 40.42 | ERROR | |
r-release-linux-x86_64 | 1.1.1 | 3.53 | 36.65 | 40.18 | OK | |
r-release-macos-arm64 | 1.1.2 | 22.00 | OK | |||
r-release-macos-x86_64 | 1.1.1 | 64.00 | OK | |||
r-release-windows-x86_64 | 1.1.1 | 8.00 | 62.00 | 70.00 | ERROR | |
r-oldrel-macos-arm64 | 1.1.2 | 26.00 | OK | |||
r-oldrel-macos-x86_64 | 1.1.1 | 54.00 | OK | |||
r-oldrel-windows-x86_64 | 1.1.1 | 8.00 | 86.00 | 94.00 | OK |
Version: 1.1.1
Check: examples
Result: ERROR
Running examples in ‘usdoj-Ex.R’ failed
The error most likely occurred in:
> base::assign(".ptime", proc.time(), pos = "CheckExEnv")
> ### Name: doj_blog_entries
> ### Title: Fetch U.S. DOJ Blog Entries
> ### Aliases: doj_blog_entries
>
> ### ** Examples
>
> # Return a dataframe with 50 of the latest records. Data is cleaned.
> latest_records <- doj_blog_entries()
Error: lexical error: invalid char in json text.
<HTML><HEAD> <TITLE>Access Deni
(right here) ------^
Execution halted
Flavors: r-devel-linux-x86_64-debian-clang, r-devel-linux-x86_64-debian-gcc, r-patched-linux-x86_64
Version: 1.1.1
Check: examples
Result: ERROR
Running examples in 'usdoj-Ex.R' failed
The error most likely occurred in:
> ### Name: doj_blog_entries
> ### Title: Fetch U.S. DOJ Blog Entries
> ### Aliases: doj_blog_entries
>
> ### ** Examples
>
> # Return a dataframe with 50 of the latest records. Data is cleaned.
> latest_records <- doj_blog_entries()
Error: lexical error: invalid char in json text.
<HTML><HEAD> <TITLE>Access Deni
(right here) ------^
Execution halted
Flavors: r-devel-windows-x86_64, r-release-windows-x86_64