Last updated on 2025-09-26 23:54:01 CEST.
| Flavor | Version | Tinstall | Tcheck | Ttotal | Status | Flags |
|---|---|---|---|---|---|---|
| r-devel-linux-x86_64-debian-clang | 0.4 | 6.77 | 93.88 | 100.65 | OK | |
| r-devel-linux-x86_64-debian-gcc | 0.4 | 6.07 | 69.73 | 75.80 | OK | |
| r-devel-linux-x86_64-fedora-clang | 0.4 | 152.58 | OK | |||
| r-devel-linux-x86_64-fedora-gcc | 0.4 | 146.41 | OK | |||
| r-devel-windows-x86_64 | 0.4 | 9.00 | 95.00 | 104.00 | OK | |
| r-patched-linux-x86_64 | 0.4 | 7.55 | 88.93 | 96.48 | OK | |
| r-release-linux-x86_64 | 0.4 | 7.52 | 88.62 | 96.14 | OK | |
| r-release-macos-arm64 | 0.4 | 48.00 | OK | |||
| r-release-macos-x86_64 | 0.4 | 75.00 | OK | |||
| r-release-windows-x86_64 | 0.4 | 10.00 | 94.00 | 104.00 | OK | |
| r-oldrel-macos-arm64 | 0.4 | 45.00 | NOTE | |||
| r-oldrel-macos-x86_64 | 0.4 | 67.00 | NOTE | |||
| r-oldrel-windows-x86_64 | 0.4 | 13.00 | 120.00 | 133.00 | NOTE |
Version: 0.4
Check: LazyData
Result: NOTE
'LazyData' is specified without a 'data' directory
Flavors: r-oldrel-macos-arm64, r-oldrel-macos-x86_64, r-oldrel-windows-x86_64