Last updated on 2025-05-14 23:51:12 CEST.
Flavor | Version | Tinstall | Tcheck | Ttotal | Status | Flags |
---|---|---|---|---|---|---|
r-devel-linux-x86_64-debian-clang | 0.0.3 | 1.68 | 18.21 | 19.89 | NOTE | |
r-devel-linux-x86_64-debian-gcc | 0.0.3 | 1.57 | 15.25 | 16.82 | NOTE | |
r-devel-linux-x86_64-fedora-clang | 0.0.3 | 32.87 | OK | |||
r-devel-linux-x86_64-fedora-gcc | 0.0.3 | 30.75 | OK | |||
r-devel-windows-x86_64 | 0.0.3 | 2.00 | 41.00 | 43.00 | OK | |
r-patched-linux-x86_64 | 0.0.3 | 1.84 | 17.75 | 19.59 | OK | |
r-release-linux-x86_64 | 0.0.3 | 1.80 | 17.51 | 19.31 | OK | |
r-release-macos-arm64 | 0.0.3 | 16.00 | OK | |||
r-release-macos-x86_64 | 0.0.3 | 24.00 | OK | |||
r-release-windows-x86_64 | 0.0.3 | 2.00 | 42.00 | 44.00 | OK | |
r-oldrel-macos-arm64 | 0.0.3 | 14.00 | NOTE | |||
r-oldrel-macos-x86_64 | 0.0.3 | 29.00 | NOTE | |||
r-oldrel-windows-x86_64 | 0.0.3 | 3.00 | 43.00 | 46.00 | NOTE |
Version: 0.0.3
Check: CRAN incoming feasibility
Result: NOTE
Maintainer: ‘WenSui Liu <liuwensui@gmail.com>’
No Authors@R field in DESCRIPTION.
Please add one, modifying
Authors@R: person(given = "WenSui",
family = "Liu",
role = c("aut", "cre"),
email = "liuwensui@gmail.com")
as necessary.
Flavors: r-devel-linux-x86_64-debian-clang, r-devel-linux-x86_64-debian-gcc
Version: 0.0.3
Check: LazyData
Result: NOTE
'LazyData' is specified without a 'data' directory
Flavors: r-oldrel-macos-arm64, r-oldrel-macos-x86_64, r-oldrel-windows-x86_64