Last updated on 2025-05-14 23:51:13 CEST.
Flavor | Version | Tinstall | Tcheck | Ttotal | Status | Flags |
---|---|---|---|---|---|---|
r-devel-linux-x86_64-debian-clang | 0.2.0 | 6.47 | 64.98 | 71.45 | NOTE | |
r-devel-linux-x86_64-debian-gcc | 0.2.0 | 5.17 | 43.78 | 48.95 | NOTE | |
r-devel-linux-x86_64-fedora-clang | 0.2.0 | 112.94 | NOTE | |||
r-devel-linux-x86_64-fedora-gcc | 0.2.0 | 107.09 | NOTE | |||
r-devel-windows-x86_64 | 0.2.0 | 9.00 | 83.00 | 92.00 | NOTE | |
r-patched-linux-x86_64 | 0.2.0 | 7.43 | 60.78 | 68.21 | NOTE | |
r-release-linux-x86_64 | 0.2.0 | 6.02 | 62.08 | 68.10 | NOTE | |
r-release-macos-arm64 | 0.2.0 | 80.00 | NOTE | |||
r-release-macos-x86_64 | 0.2.0 | 225.00 | NOTE | |||
r-release-windows-x86_64 | 0.2.0 | 10.00 | 83.00 | 93.00 | NOTE | |
r-oldrel-macos-arm64 | 0.2.0 | 75.00 | NOTE | |||
r-oldrel-macos-x86_64 | 0.2.0 | 130.00 | NOTE | |||
r-oldrel-windows-x86_64 | 0.2.0 | 8.00 | 102.00 | 110.00 | NOTE |
Version: 0.2.0
Check: CRAN incoming feasibility
Result: NOTE
Maintainer: ‘Adam T. Kocsis <adam.t.kocsis@gmail.com>’
The BugReports field in DESCRIPTION has
https://github.com/adamkocsis/via
which should likely be
https://github.com/adamkocsis/via/issues
instead.
Flavors: r-devel-linux-x86_64-debian-clang, r-devel-linux-x86_64-debian-gcc
Version: 0.2.0
Check: Rd files
Result: NOTE
checkRd: (-1) VirtualArray-single-bracket-method.Rd:6: Lost braces
6 | \title{Indexing to extract subsets of a 'code{\link[via:XArray-class]{VirtualArray}}'-class object}
| ^
checkRd: (-1) subset.Rd:20: Lost braces
20 | \item{drop}{\code{logical} in case the result of subsetting is a single element, should the \\code{\link[via:XArray-class]{VirtualArray}} wrapper be dropped?}
| ^
Flavors: r-devel-linux-x86_64-debian-clang, r-devel-linux-x86_64-debian-gcc, r-devel-linux-x86_64-fedora-clang, r-devel-linux-x86_64-fedora-gcc, r-devel-windows-x86_64, r-patched-linux-x86_64, r-release-linux-x86_64, r-release-macos-arm64, r-release-macos-x86_64, r-release-windows-x86_64, r-oldrel-macos-arm64, r-oldrel-macos-x86_64, r-oldrel-windows-x86_64