CRAN Package Check Results for Package vottrans

Last updated on 2025-05-14 23:51:13 CEST.

Flavor Version Tinstall Tcheck Ttotal Status Flags
r-devel-linux-x86_64-debian-clang 1.0 1.84 19.46 21.30 NOTE
r-devel-linux-x86_64-debian-gcc 1.0 1.23 15.76 16.99 NOTE
r-devel-linux-x86_64-fedora-clang 1.0 32.39 OK
r-devel-linux-x86_64-fedora-gcc 1.0 31.00 OK
r-devel-windows-x86_64 1.0 3.00 47.00 50.00 OK
r-patched-linux-x86_64 1.0 1.69 18.79 20.48 OK
r-release-linux-x86_64 1.0 1.71 18.83 20.54 OK
r-release-macos-arm64 1.0 17.00 OK
r-release-macos-x86_64 1.0 35.00 OK
r-release-windows-x86_64 1.0 2.00 51.00 53.00 OK
r-oldrel-macos-arm64 1.0 15.00 OK
r-oldrel-macos-x86_64 1.0 31.00 OK
r-oldrel-windows-x86_64 1.0 3.00 45.00 48.00 OK

Check Details

Version: 1.0
Check: CRAN incoming feasibility
Result: NOTE Maintainer: ‘Michael Gampmayer <michael.gampmayer@gmail.com>’ No Authors@R field in DESCRIPTION. Please add one, modifying Authors@R: person(given = "Michael", family = "Gampmayer", role = c("aut", "cre"), email = "michael.gampmayer@gmail.com") as necessary. Flavors: r-devel-linux-x86_64-debian-clang, r-devel-linux-x86_64-debian-gcc